{"id":1571,"date":"2018-12-20T22:37:28","date_gmt":"2018-12-20T21:37:28","guid":{"rendered":"https:\/\/draven.la-studioweb.com\/?page_id=1571"},"modified":"2025-10-02T09:48:22","modified_gmt":"2025-10-02T07:48:22","slug":"fonctionnement-du-cooxy","status":"publish","type":"page","link":"https:\/\/cooxy-grill.com\/index.php\/fonctionnement-du-cooxy\/","title":{"rendered":"Comment \u00e7a marche ?"},"content":{"rendered":"\t\t<div data-elementor-type=\"wp-post\" data-elementor-id=\"1571\" class=\"elementor elementor-1571\">\n\t\t\t\t\t\t<section class=\"elementor-section elementor-top-section elementor-element elementor-element-774fafd elementor-section-boxed elementor-section-height-default elementor-section-height-default\" data-id=\"774fafd\" data-element_type=\"section\">\n\t\t\t\t\t\t<div class=\"elementor-container elementor-column-gap-default\">\n\t\t\t\t\t<div class=\"elementor-column elementor-col-100 elementor-top-column elementor-element elementor-element-3d500be\" data-id=\"3d500be\" data-element_type=\"column\">\n\t\t\t<div class=\"elementor-widget-wrap elementor-element-populated\">\n\t\t\t\t\t\t<div class=\"elementor-element elementor-element-d85a192 elementor-widget elementor-widget-spacer\" data-id=\"d85a192\" data-element_type=\"widget\" data-widget_type=\"spacer.default\">\n\t\t\t\t<div class=\"elementor-widget-container\">\n\t\t\t\t\t\t\t<div class=\"elementor-spacer\">\n\t\t\t<div class=\"elementor-spacer-inner\"><\/div>\n\t\t<\/div>\n\t\t\t\t\t\t<\/div>\n\t\t\t\t<\/div>\n\t\t\t\t\t<\/div>\n\t\t<\/div>\n\t\t\t\t\t<\/div>\n\t\t<\/section>\n\t\t\t\t<section class=\"elementor-section elementor-top-section elementor-element elementor-element-0235659 elementor-section-boxed elementor-section-height-default elementor-section-height-default\" data-id=\"0235659\" data-element_type=\"section\">\n\t\t\t\t\t\t<div class=\"elementor-container elementor-column-gap-default\">\n\t\t\t\t\t<div class=\"elementor-column elementor-col-100 elementor-top-column elementor-element elementor-element-6c0d4c3\" data-id=\"6c0d4c3\" data-element_type=\"column\">\n\t\t\t<div class=\"elementor-widget-wrap elementor-element-populated\">\n\t\t\t\t\t\t<div class=\"elementor-element elementor-element-b39381b elementor-widget elementor-widget-heading\" data-id=\"b39381b\" data-element_type=\"widget\" data-widget_type=\"heading.default\">\n\t\t\t\t<div class=\"elementor-widget-container\">\n\t\t\t\t\t<h1 class=\"elementor-heading-title elementor-size-default\">Mise en marche du COOXY<\/h1>\t\t\t\t<\/div>\n\t\t\t\t<\/div>\n\t\t\t\t<div class=\"elementor-element elementor-element-cde9c82 elementor-widget__width-initial elementor-widget elementor-widget-text-editor\" data-id=\"cde9c82\" data-element_type=\"widget\" data-widget_type=\"text-editor.default\">\n\t\t\t\t<div class=\"elementor-widget-container\">\n\t\t\t\t\t\t\t\t\t<p data-start=\"217\" data-end=\"376\">Pour piloter COOXY, il vous suffit d\u2019appuyer sur les ic\u00f4nes tactiles grav\u00e9es autour de la plaque de cuisson. <br \/>Cela lancera une session de chauffe de 30 minutes.<\/p><p data-start=\"381\" data-end=\"607\"><strong>Pour le mettre en marche, appuyez d\u2019abord sur le bouton de mise sous tension pendant 5 secondes.<\/strong><br data-start=\"481\" data-end=\"484\" \/><strong>Ce temps d\u2019appui est volontaire : il permet d\u2019\u00e9viter les d\u00e9clenchements accidentels ou les manipulations par des enfants.<\/strong><\/p><p data-start=\"612\" data-end=\"784\">Pour adapter la temp\u00e9rature de cuisson \u00e0 vos aliments, appuyez simplement<strong> et<\/strong> <strong>toujours pendant 5 secondes<\/strong>\u00a0sur l\u2019un des trois boutons :<br \/><strong>L\u00e9gume, Poisson ou Viande.<\/strong><\/p>\t\t\t\t\t\t\t\t<\/div>\n\t\t\t\t<\/div>\n\t\t\t\t<div class=\"elementor-element elementor-element-b53c641 elementor-widget elementor-widget-image\" data-id=\"b53c641\" data-element_type=\"widget\" data-widget_type=\"image.default\">\n\t\t\t\t<div class=\"elementor-widget-container\">\n\t\t\t\t\t\t\t\t\t\t\t\t\t\t\t<img decoding=\"async\" width=\"300\" height=\"55\" src=\"https:\/\/cooxy-grill.com\/wp-content\/uploads\/2023\/04\/Icone-cuisson-300x55.png\" class=\"attachment-medium size-medium wp-image-12079\" alt=\"\" srcset=\"https:\/\/cooxy-grill.com\/wp-content\/uploads\/2023\/04\/Icone-cuisson-300x55.png 300w, https:\/\/cooxy-grill.com\/wp-content\/uploads\/2023\/04\/Icone-cuisson-1024x187.png 1024w, https:\/\/cooxy-grill.com\/wp-content\/uploads\/2023\/04\/Icone-cuisson-768x140.png 768w, https:\/\/cooxy-grill.com\/wp-content\/uploads\/2023\/04\/Icone-cuisson-1536x280.png 1536w, https:\/\/cooxy-grill.com\/wp-content\/uploads\/2023\/04\/Icone-cuisson-2048x373.png 2048w\" sizes=\"(max-width: 300px) 100vw, 300px\" \/>\t\t\t\t\t\t\t\t\t\t\t\t\t\t\t<\/div>\n\t\t\t\t<\/div>\n\t\t\t\t<div class=\"elementor-element elementor-element-fa51a47 elementor-widget elementor-widget-text-editor\" data-id=\"fa51a47\" data-element_type=\"widget\" data-widget_type=\"text-editor.default\">\n\t\t\t\t<div class=\"elementor-widget-container\">\n\t\t\t\t\t\t\t\t\t<p>Chaque bouton correspond \u00e0 une temp\u00e9rature pr\u00e9d\u00e9finie, de la plus douce \u00e0 la plus intense <em>(de gauche \u00e0 droite).<\/em><\/p>\t\t\t\t\t\t\t\t<\/div>\n\t\t\t\t<\/div>\n\t\t\t\t<div class=\"elementor-element elementor-element-21215eb elementor-widget elementor-widget-video\" data-id=\"21215eb\" data-element_type=\"widget\" data-settings=\"{&quot;youtube_url&quot;:&quot;https:\\\/\\\/youtu.be\\\/Cbohi6YZpb0&quot;,&quot;video_type&quot;:&quot;youtube&quot;,&quot;controls&quot;:&quot;yes&quot;}\" data-widget_type=\"video.default\">\n\t\t\t\t<div class=\"elementor-widget-container\">\n\t\t\t\t\t\t\t<div class=\"elementor-wrapper elementor-open-inline\">\n\t\t\t<div class=\"elementor-video\"><\/div>\t\t<\/div>\n\t\t\t\t\t\t<\/div>\n\t\t\t\t<\/div>\n\t\t\t\t<div class=\"elementor-element elementor-element-82bd34d elementor-widget elementor-widget-spacer\" data-id=\"82bd34d\" data-element_type=\"widget\" data-widget_type=\"spacer.default\">\n\t\t\t\t<div class=\"elementor-widget-container\">\n\t\t\t\t\t\t\t<div class=\"elementor-spacer\">\n\t\t\t<div class=\"elementor-spacer-inner\"><\/div>\n\t\t<\/div>\n\t\t\t\t\t\t<\/div>\n\t\t\t\t<\/div>\n\t\t\t\t\t<\/div>\n\t\t<\/div>\n\t\t\t\t\t<\/div>\n\t\t<\/section>\n\t\t\t\t<section class=\"elementor-section elementor-top-section elementor-element elementor-element-36ca9d7 elementor-section-boxed elementor-section-height-default elementor-section-height-default\" data-id=\"36ca9d7\" data-element_type=\"section\">\n\t\t\t\t\t\t<div class=\"elementor-container elementor-column-gap-default\">\n\t\t\t\t\t<div class=\"elementor-column elementor-col-100 elementor-top-column elementor-element elementor-element-7bc907d\" data-id=\"7bc907d\" data-element_type=\"column\">\n\t\t\t<div class=\"elementor-widget-wrap elementor-element-populated\">\n\t\t\t\t\t\t<div class=\"elementor-element elementor-element-7387cf1 elementor-widget elementor-widget-heading\" data-id=\"7387cf1\" data-element_type=\"widget\" data-widget_type=\"heading.default\">\n\t\t\t\t<div class=\"elementor-widget-container\">\n\t\t\t\t\t<h1 class=\"elementor-heading-title elementor-size-default\">Nettoyer COOXY <\/h1>\t\t\t\t<\/div>\n\t\t\t\t<\/div>\n\t\t\t\t<div class=\"elementor-element elementor-element-acbe549 elementor-widget elementor-widget-text-editor\" data-id=\"acbe549\" data-element_type=\"widget\" data-widget_type=\"text-editor.default\">\n\t\t\t\t<div class=\"elementor-widget-container\">\n\t\t\t\t\t\t\t\t\t<p data-start=\"246\" data-end=\"336\">Le traitement sp\u00e9cifique de la zone de chauffe garantit un <strong data-start=\"305\" data-end=\"335\">nettoyage facile et rapide<\/strong>.<br \/>La mont\u00e9e en temp\u00e9rature, quasi instantan\u00e9e, <strong data-start=\"386\" data-end=\"445\">st\u00e9rilise la plaque de cuisson avant chaque utilisation<\/strong>.<br \/>La maintenance est r\u00e9duite au minimum : il suffit simplement de <strong data-start=\"515\" data-end=\"565\">remplacer la poche filtrante une fois par mois<\/strong> pendant la saison d\u2019utilisation.<\/p>\t\t\t\t\t\t\t\t<\/div>\n\t\t\t\t<\/div>\n\t\t\t\t<div class=\"elementor-element elementor-element-51d53c2 elementor-widget elementor-widget-video\" data-id=\"51d53c2\" data-element_type=\"widget\" data-settings=\"{&quot;youtube_url&quot;:&quot;https:\\\/\\\/youtu.be\\\/DcZue0VRpyo&quot;,&quot;video_type&quot;:&quot;youtube&quot;,&quot;controls&quot;:&quot;yes&quot;}\" data-widget_type=\"video.default\">\n\t\t\t\t<div class=\"elementor-widget-container\">\n\t\t\t\t\t\t\t<div class=\"elementor-wrapper elementor-open-inline\">\n\t\t\t<div class=\"elementor-video\"><\/div>\t\t<\/div>\n\t\t\t\t\t\t<\/div>\n\t\t\t\t<\/div>\n\t\t\t\t<div class=\"elementor-element elementor-element-57c87ba elementor-widget elementor-widget-spacer\" data-id=\"57c87ba\" data-element_type=\"widget\" data-widget_type=\"spacer.default\">\n\t\t\t\t<div class=\"elementor-widget-container\">\n\t\t\t\t\t\t\t<div class=\"elementor-spacer\">\n\t\t\t<div class=\"elementor-spacer-inner\"><\/div>\n\t\t<\/div>\n\t\t\t\t\t\t<\/div>\n\t\t\t\t<\/div>\n\t\t\t\t\t<\/div>\n\t\t<\/div>\n\t\t\t\t\t<\/div>\n\t\t<\/section>\n\t\t\t\t<\/div>\n\t\t","protected":false},"excerpt":{"rendered":"<p>Mise en marche du COOXY Pour piloter COOXY, il vous suffit d\u2019appuyer sur les ic\u00f4nes tactiles grav\u00e9es autour de la plaque de cuisson. Cela lancera une session de chauffe de 30 minutes. Pour le mettre en marche, appuyez d\u2019abord sur le bouton de mise sous tension pendant 5 secondes.Ce temps d\u2019appui est volontaire : il [&hellip;]<\/p>\n","protected":false},"author":1,"featured_media":0,"parent":0,"menu_order":0,"comment_status":"closed","ping_status":"closed","template":"","meta":{"footnotes":""},"class_list":["post-1571","page","type-page","status-publish","hentry"],"_links":{"self":[{"href":"https:\/\/cooxy-grill.com\/index.php\/wp-json\/wp\/v2\/pages\/1571","targetHints":{"allow":["GET"]}}],"collection":[{"href":"https:\/\/cooxy-grill.com\/index.php\/wp-json\/wp\/v2\/pages"}],"about":[{"href":"https:\/\/cooxy-grill.com\/index.php\/wp-json\/wp\/v2\/types\/page"}],"author":[{"embeddable":true,"href":"https:\/\/cooxy-grill.com\/index.php\/wp-json\/wp\/v2\/users\/1"}],"replies":[{"embeddable":true,"href":"https:\/\/cooxy-grill.com\/index.php\/wp-json\/wp\/v2\/comments?post=1571"}],"version-history":[{"count":109,"href":"https:\/\/cooxy-grill.com\/index.php\/wp-json\/wp\/v2\/pages\/1571\/revisions"}],"predecessor-version":[{"id":12638,"href":"https:\/\/cooxy-grill.com\/index.php\/wp-json\/wp\/v2\/pages\/1571\/revisions\/12638"}],"wp:attachment":[{"href":"https:\/\/cooxy-grill.com\/index.php\/wp-json\/wp\/v2\/media?parent=1571"}],"curies":[{"name":"wp","href":"https:\/\/api.w.org\/{rel}","templated":true}]}}